 = r**3 - 6*r**2 - 2*r + 5. Determine p(t).
-7
Let t(f) be the third derivative of -f**4/8 + 5*f**3/6 + 2*f**2. Let p(y) = -y**3 - 10*y**2 - 16*y + 4. Let m be p(-8). Determine t(m).
-7
Let m = 18 - 12. Let t be (-93)/(-33) + m/33. Suppose -2*h + 0*z + 6 = t*z, 2*h = z - 10. Let l(u) = -3*u - 3. Calculate l(h).
6
Let z be -4 + (-3 - -3) + 10. Let b(t) be the first derivative of 1/2*t**2 - 4 - 4*t. What is b(z)?
2
Let c(s) = 11*s**2 + 17*s + 12. Let p(i) = 5*i**2 + 7*i + 5. Let n(b) = 3*c(b) - 7*p(b). Calculate n(3).
-11
Let y(d) = -3*d**2 + d**3 + 2*d - d - 17 + 5*d**2 - d**2. Let x = 12 + 20. Let b = x - 32. Give y(b).
-17
Let t(n) = 37*n + 143. Let v(l) = 84*l + 287. Let m(k) = -5*t(k) + 2*v(k). What is m(-8)?
-5
Let c(o) be the third derivative of 1/24*o**4 + 0*o**3 - 1/40*o**6 + 0*o**5 + 0 + 34*o**2 + 0*o. Determine c(-1).
2
Let o(q) = 2*q + 1. Let x be o(-1). Let b be (x - (-3)/1) + 5. Let s(h) = 31*h + 32*h - 62*h - 9. Determine s(b).
-2
Let f(g) = -4 - 3*g**2 - 1 + 0*g**2 + g**3 - g. Let k(r) = r**2 + 10*r - 371. Let i be k(15). Calculate f(i).
7
Let u(l) = -l - 1. Let d(f) = 3*f + 11. Let x(s) = -d(s) - 4*u(s). Suppose -14*r + 15*r - 8 = 0. What is x(r)?
1
Suppose 9 = 3*j + 3. Suppose d = -j*d. Let l(t) = 2*t - 12 - t - t**3 - t**2 + d*t**2. What is l(0)?
-12
Let y(v) = v**3 - 7*v**2 - 2*v - 13. Let c be y(7). Let w be (2/(-14) + 0)/(c/189). Let n(m) = 9*m**3 - m + 1. Calculate n(w).
9
Let q = 3 + -2. Let h be 15/3*(2 - q). Let a(p) = -h*p + 5*p**2 - 1 - p**3 + 0*p + 6. Give a(4).
1
Let j(y) = 2*y + 6. Let v(p) = -8*p + 9 + 10 + 13 - 12. Let x be v(3). Give j(x).
-2
Let k(x) be the first derivative of -x**4/4 - 5*x**3 - 27*x**2/2 - 13*x - 474. Give k(-13).
0
Let p = -21 - -23. Suppose x - 5*f - 6 = 1, 5*x - 8 = -p*f. Let l(j) = -j**3 - 2*j**2 + 2*j - 2. Determine l(x).
-14
Let x = -52 + 37. Let w be (18/8)/(x/40). Let z(q) be the first derivative of q**2/2 + 3*q - 9. Calculate z(w).
-3
Let m(x) = 5 - 3*x + 1 - 5. Suppose 0 = 3*i + 13 - 1. Give m(i).
13
Let b(a) = 8*a**2 + 2*a + 1. Let f = -31 + 30. Determine b(f).
7
Let w(j) = 10*j - 9 + 0 + 13*j - 26*j. Let r(i) = 4*i + 8. Let k(z) = -4*r(z) - 5*w(z). Determine k(6).
7
Let v(q) = -2*q**3 - q**2 - q. Let i be v(-2). Let j(a) = 6 + i*a - 15*a - 6. Calculate j(1).
-1
Suppose -4*m = 0, -m - 1 - 5 = -2*f. Let g(d) = -d**2 + 4 - 6*d - f*d - 10 + d. Suppose -u = 2*u + 18. Calculate g(u).
6
Let x(r) = -10*r**2 - r. Let n(p) = -29*p**2 - 3*p. Suppose 4*g - 24 = 8*g. Let w(k) = g*n(k) + 17*x(k). Calculate w(-2).
14
Let r(h) be the first derivative of 5/4*h**4 - 2/3*h**3 + 0*h**2 + 11 + h. Determine r(-1).
-6
Let z(g) be the third derivative of -1/120*g**6 + 0*g + 5*g**2 + 1/15*g**5 - 5/24*g**4 + 2/3*g**3 + 0. Calculate z(3).
-2
Let i(t) = 2*t + 1. Let w = 11 - 8. Suppose -3*f = -5*p + 101, -31 = f - w*p + 2*p. Let c = f + 25. Determine i(c).
-3
Let h(u) be the second derivative of u**5/20 - u**4/6 - u**3/3 - u**2 - 2*u + 64. Give h(3).
1
Suppose -3*b + 6 - 51 = 0. Let z = b - -15. Let p(v) = -v**3 + v**2 - v + 6. Determine p(z).
6
Let z(n) = -2*n**3 + 20*n**2 + 49*n - 8. Let k be z(12). Let j(f) = -4*f - 8. Calculate j(k).
-24
Let u(d) = -d**3 - 8*d**2 + d - 9. Suppose -m + 24 = 3*x + 17, 2*x + 14 = -3*m. Determine u(m).
-17
Let s(g) = -2*g**2 + 3 + 3*g**2 + 0*g**2 + 3*g**2 - g**2 - g. What is s(3)?
27
Let z(m) = -17 + 10 + 1 + m + 3. Determine z(11).
8
Let m be 448/20 + 6/10. Let q(p) = 47 - m - 23. Let z(r) = 3*r + 8. Let y(w) = -5*q(w) + z(w). What is y(-3)?
-6
Let t(r) = r**3 - 5*r**2 + 4*r. Let z be 12*(-3)/(24/(-2)). Suppose -c + z = -w - 3, 20 = 2*c + 2*w. Suppose -11 - c = 2*s - 5*h, 3*s - 2*h + 1 = 0. Give t(s).
-6
Suppose -t + 32 = 3*x, 4*t - 3*x - 71 = 117. Let f = 41 - t. Let v(r) = 2*r**3 + 5*r**2 + 4*r + 3. Calculate v(f).
-18
Let m be (110/(-30))/11*12. Let d(q) = -q**3 - 4*q**2 - q + 1. Calculate d(m).
5
Let r(s) be the first derivative of s**4/4 - s**3/3 - 22*s + 39. Suppose 2*p + 3*p + 15 = 4*g, -3*g = 5*p + 15. What is r(g)?
-22
Let t = -746 - -739. Let w(s) = -s**3 - 7*s**2 - 4. Give w(t).
-4
Let j(k) = 7*k**2 - k**3 + 9*k**2 - 33409 - 20*k - 7*k**2 + 7*k**2 + 33430. Determine j(15).
-54
Let t be ((-27)/18 - 1/2)/2. Let c = 1 - -3. Let x(q) = q**2 - q - c*q + 2*q**2 + 4*q. What is x(t)?
4
Let p(h) = h**3 + 5*h**2 + 4*h + 2. Suppose -14 + 47 = -11*y. Give p(y).
8
Let h(x) = -x**3 - 7*x**2 + 9*x + 5. Let i be ((-1421)/(-28))/(-7) - (-9)/(-12). Determine h(i).
-3
Let o(x) be the third derivative of -1/2*x**3 - 11*x**2 + 0*x + 0 + 1/12*x**4. Give o(3).
3
Let q(z) = z**2 + 11*z + 1. Let p be q(-11). Let y(h) = -154*h**2 + 9*h**3 + 153*h**2 + p + 0. Let a(o) = o + 1. Let d be a(0). What is y(d)?
9
Let y(c) = c**2 - 3*c - 1. Let a(l) = -11*l - 40. Suppose -2 = -z - 6. Let x be a(z). Give y(x).
3
Let l(t) = -6*t + t**3 - 6*t + 5*t + 6 - 3 - 4*t**2. Let v(r) = -3*r**3 + 11*r**2 + 20*r - 10. Let w(z) = 7*l(z) + 2*v(z). Give w(7).
-13
Let k be (-5 + 10/4)*118/(-5). Suppose 9 = -10*g + k. Let i(l) = -l**2 + 3*l - 3. Determine i(g).
-13
Suppose -7*y = -5*y - 2, 4*c + 5*y = 37. Let v(j) = -j**2 + 8*j + 4. Determine v(c).
4
Let b(f) be the second derivative of -2*f + 1/6*f**3 - 1/6*f**4 + 3 + 1/20*f**5 + f**2. Give b(2).
4
Let w(i) = 11*i**3 - 20*i**2 - 36*i + 3. Let j(a) = -4*a**3 + 7*a**2 + 12*a - 1. Let u(q) = -8*j(q) - 3*w(q). What is u(6)?
-1
Let l(w) = -5*w**2 + 11*w + 8. Let j(a) = -2*a**2 + 7*a - 4 - 3*a**2 + 9 + 2*a**2. Let g(q) = 8*j(q) - 5*l(q). What is g(0)?
0
Let c(o) = -1 - 2*o**2 + 0*o**3 + o + o**2 - 5*o**3. Let y = 87 + -84. Suppose y = -d + 4. What is c(d)?
-6
Let k(a) be the first derivative of 2*a**3/3 + 3*a**2/2 - 9*a - 806. Calculate k(-4).
11
Let j(x) = 14*x - 21. Let k be j(2). Let q(i) = 9 - 1 - 5*i + 2*i. What is q(k)?
-13
Let i(m) = m**3 + 6*m**2 + m + 6. Let z(q) = 7*q - 12 + 9 - 15 - q**2 + 0*q**2. Let n be z(4). Give i(n).
0
Let k be 3/3 + -1 + 1. Let d be (k - 3) + 12 - -2. Let b = 17 - d. Let j(h) = h**2 - 8*h + 3. Calculate j(b).
-12
Suppose -4*l = 3*o + 3, l + 2 = -2*o - 0*l. Let g(b) = -14*b**2 + b. Calculate g(o).
-15
Let w(b) be the second derivative of b**4/12 - 3*b**3 + 17*b**2 + b + 80. Determine w(16).
2
Let x(w) = w**2 + 7*w**3 - 4*w**3 - 5*w + 4*w - 2 + 2*w. Give x(2).
28
Let p(j) = j**2 - 4*j - 1. Let x(g) = g**2 - g. Let f be x(6). Let k be (f + 0)/3*2. Suppose -3*n + 18 = 3*h - 6, -2*h = -4*n + k. Calculate p(n).
11
Let q(f) = -35*f**2 - 9*f**2 + 8 + 59*f**2 - 14*f**2 - 13*f. Give q(15).
38
Let h(m) = m + 24. Let l(q) = q**2 - 47*q + 132. Let c be l(3). Give h(c).
24
Let n(w) be the third derivative of -w**6/720 + w**4/12 - w**2. Let i(s) be the second derivative of n(s). Suppose -10*b - 15 = 5. Calculate i(b).
2
Let l(z) = -z**3 + 13*z**2 - 12*z + 5. Let y be l(12). Suppose 2*s - 4 = b, -4*s + 13 - y = 5*b. Let n(a) = -a**2 + 8*a + 2*a**s - a - 1 + 0*a. Calculate n(-5).
-11
Suppose -3*u + 2 = 14. Let i = -1 - u. Let j(b) = -6*b**2 - 45*b + 22. Let l(f) = -8*f**2 - 56*f + 28. Let n(r) = 5*j(r) - 4*l(r). Calculate n(i).
13
Let r(p) = -11*p + 31*p**2 + 10 - 30*p**2 - 2. Give r(10).
-2
Suppose 5*p - 13 = -3*w, -3*w - 8 = -3*p - 5*w. Suppose 0 = -p*o - 10 + 14. Let b(f) = 0*f**3 + 4 - 5 + f**3 - f. Calculate b(o).
5
Suppose 24*v + 50 = 26. Let f(g) be the third derivative of g**5/60 - g**4/24 + 2*g**2. Give f(v).
2
Let d be (-3)/(-2)*(16/6)/4. Let c(t) = -3*t**2 + 1. Determine c(d).
-2
Suppose -q = -1 + 3. Let g be (-63)/49 - q/7. Let p be (g - -1)/(-1 + -2). Let u(h) = h + 5. Give u(p).
5
Let a(x) = -x**3 - x**2 + x + 6. Suppose 0 = 8*u - 4*u - 24. Let s = u + -6. Let w = 0 - s. Determine a(w).
6
Let p be (2 + -4)*50/20 - 3. Let m(a) = -a**2 - 8*a - 9. Let o be m(-6). Let r be (o/(-2))/(p/(-16)). Let t(g) = g**2 + 3*g. Determine t(r).
0
Let g(x) be the first derivative of 2*x**2 + 2*x + 201. What is g(2)?
10
Let t(r) = -6*r**2 + r - 4. Let s(l) = -14*l**2 + 3*l - 8. Let a(x) = -2*s(x) + 5*t(x). Give a(0).
-4
Suppose 2*f + 3*b = 3, -3*f + 6*f = 2*b - 2. Let s(l) = 19*l + 6. Let d(m) = -35*m - 11. Let t(n) = -6*d(n) - 11*s(n). Calculate t(f).
0
Let u be -2*-6*3/(-12). Let f be 27/3*(-1)/u. Let x(y) = 3 - f*y - 4*y - y + 6*y. Calculate x(2).
-1
Let q(u) be the third derivative of u**4/4 - 23*u**3/6 + 288*u**2. Determine q(5).
7
Let c(x) = -3 + x